 w be k(l). What is the greatest common factor of w and 65?
13
Let r be 8 - 774 - (4 + -1). Let m = 775 + r. What is the highest common divisor of 15 and m?
3
Suppose 400 = 8664*i - 8654*i. Suppose 88 = 5*w - w. Suppose 2*k - w = -2. What is the highest common divisor of i and k?
10
Let x = 4039 - 4003. Calculate the highest common divisor of 1476 and x.
36
Let r(n) = 3856*n**2 - 5*n - 8. Let w be r(1). What is the greatest common factor of w and 9?
9
Let p be (7/(-35) - (-99)/20)*44. Let z = p - 175. Calculate the greatest common factor of 34 and z.
34
Suppose b + 83*y - 32 = 84*y, 0 = 4*b + 4*y - 112. Let g be (-3)/(9/10 + -1). Calculate the greatest common divisor of g and b.
30
Let h(f) = 62*f**3 + f**2 - 89*f + 89. Let q be h(1). What is the highest common factor of q and 546?
21
Suppose 826 + 85 = 57*s - 970. What is the highest common factor of 2013 and s?
33
Suppose 6*l - 1 = -1501. Let z = 262 + l. Suppose 0*p - 5*p + 300 = 0. Calculate the greatest common factor of z and p.
12
Let u be (-5)/(185/(-26418)) - ((-4)/(-2))/(-2). Calculate the greatest common factor of u and 4355.
65
Let f = 10152 - 9477. What is the greatest common divisor of f and 9675?
225
Let w = 73 + -17. Let k = -10793 - -10989. Calculate the highest common divisor of w and k.
28
Suppose 5*v = -26*k + 18*k + 486, -5*v + 4*k + 462 = 0. What is the greatest common divisor of 32477 and v?
47
Let d(g) = 1272*g**2 - 3*g + 4. Let j be d(1). What is the highest common divisor of j and 201?
67
Let k = 13 + -9. Let n(l) = -l**3 - 2*l**2 + 9. Let p be n(-4). Let d = -31 + p. Calculate the highest common divisor of k and d.
2
Suppose 0 = 11*k - 44 - 11. Calculate the highest common factor of k and 25.
5
Let j be ((-34)/6 + 6)*16824/8 + -5. Calculate the greatest common factor of j and 18.
6
Let y(t) be the first derivative of -4/3*t**3 - 2*t**2 - 12 - 1/4*t**4 + 0*t. Let j be y(-5). What is the highest common factor of j and 5?
5
Let o = -243 - -683. Suppose -114 = -3*p + 2*b, 6*b - 4*b = 6. Calculate the greatest common divisor of o and p.
40
Let d(w) = w**2 - 28*w - 82. Let p be d(31). Suppose 17*x = p*x + 672. What is the highest common factor of x and 16?
16
Suppose 2*r = -2*r - 40. Let a = 35 - r. Let d be (-5)/(-20) - 714/(-24). What is the highest common divisor of d and a?
15
Suppose 84 = -4*g + 8*g. Let r(b) = -46*b - 20. Let k be r(-1). Let y = k - g. Calculate the highest common divisor of 35 and y.
5
Let t = 17724 - 15580. Calculate the greatest common factor of t and 201.
67
Let c = 48 + -48. Suppose c = 3*x + q - 23, 4*x + 4*q - 2*q = 30. Suppose 2*o - x = -0. What is the greatest common divisor of 3 and o?
1
Let l = -1 - -4. Let v = 565 + -562. Suppose v*p = -2*h - h + 27, p = l*h + 25. Calculate the greatest common factor of p and 52.
13
Let h be -19 - -19 - (1 + -10 + 0). Let k(y) = h*y**2 - 6*y - 7*y**2 - y**2 - 3. Let p be k(9). What is the highest common divisor of p and 12?
12
Let c = -46682 - -60608. Calculate the greatest common factor of c and 6.
6
Suppose -2*i - 152 = 4*l, 4*i - 5*l = -0*i - 252. Let g = i + 83. What is the greatest common factor of 90 and g?
15
Let r(h) = 2*h**2 - h - 1. Let u(p) = -p**3 - 20*p**2 - 4*p + 2. Let d(b) = -2*r(b) - u(b). Let g be d(-10). What is the highest common divisor of 60 and g?
60
Let s be -4 + 48 + (12/(-8))/(3/8). Calculate the highest common divisor of s and 372.
4
Let p be 660/(-1760) - ((-2)/1 - (-9286)/(-16)). Calculate the greatest common divisor of 1649 and p.
97
Suppose -b + 0 = -14 + 7. Suppose 6*d = d + 175. What is the highest common factor of b and d?
7
Let o(m) = m**2 - 8*m + 17. Let i be o(5). Let a be ((-5)/15)/(i/(-12)). Suppose h = -a*h + 111. What is the highest common divisor of 333 and h?
37
Suppose 0 = -12*t + 7*t - 30. Let s(y) = -y**2 - 17*y - 32. Let l be s(t). Calculate the greatest common divisor of 51 and l.
17
Let i = 12529 - -536. Calculate the highest common factor of i and 13.
13
Let u = 169471 + -169436. Suppose -2*r - 340 = -4*t, -3*t - 2*r + 256 = -4*r. Calculate the highest common factor of u and t.
7
Suppose 0 = -21*m - 2*m + 52072. Suppose -m = -3*i - 5*r, i - 242 - 526 = -5*r. Calculate the highest common factor of 11 and i.
11
Let p(o) = o**3 - o**2 - 4*o. Let z be p(3). Let h(w) = -34*w + 28. Let u be h(4). Let y = u + 111. Calculate the greatest common factor of y and z.
3
Let u be 4 + -1 + -7 + 7. Suppose 5*g = u*g - 3*f + 99, 2*g - f = 95. Let l be (-2)/(0 + 2)*360/(-15). Calculate the highest common factor of l and g.
24
Let h be 7 + 1 - 21/(-7). Let k(n) = -n - 7. Let i be k(-8). Let s be ((-6)/12)/(i/(-2)). What is the greatest common divisor of h and s?
1
Suppose 86*f + 338286 = 113*f - 255039. What is the greatest common factor of 75 and f?
75
Let w(h) = -h**3 - 4*h**2 - 5*h - 11. Suppose 2*c + 3*o + 25 = 0, -2*o + 6*o = 2*c - 10. Let t be w(c). What is the highest common factor of t and 104?
13
Let i(y) = y**3 - y**2 + 10*y - 28. Let j be i(4). Let a be (9*11/132)/(1/j). What is the highest common divisor of a and 5?
5
Suppose -6*w - 24 = -5*q - 4*w, -21 = -4*q + w. Let y be -1 + (q/(-9))/((-1)/18). Suppose 240 = -5*v + y*v. What is the highest common divisor of 10 and v?
10
Let p be (15/45)/(1/(-21)). Let y(c) = -3*c - 15. Let g be y(p). Let l be 148/g - 16/(-12). Calculate the greatest common factor of 182 and l.
26
Let g(a) = 13*a**3 - 7*a**2 - 85*a + 178. Let q be g(2). Calculate the greatest common factor of q and 1820.
28
Suppose 4*w = 3 + 5. Suppose -3*l - 47 = -w. Let s = l + 24. Calculate the highest common divisor of 72 and s.
9
Suppose 0 = -5*y + 3*f + 21, 2*y + 4*f + 5 = 3. Let n = 117 + -41. Let c = 77 - n. Calculate the greatest common divisor of y and c.
1
Suppose 3*b = -2*k + 2798, 46*k + 4200 = 49*k + 4*b. What is the greatest common divisor of 11 and k?
11
Suppose 0 = -p + 2*r + 64 + 69, -2*p = 4*r - 226. Let a be (-205)/(-2)*(56/16 + 57/(-38)). What is the highest common factor of a and p?
41
Let a = 5671 + -5663. What is the highest common factor of 924 and a?
4
Suppose -g + 7487 = 2*w, 0 = 44*g - 48*g + w + 29975. What is the highest common factor of g and 127?
127
Let j be 68/20 + 2/(-5). Suppose 6*q = j*q + 36. Let g be 7/(224/16)*(33 - (-6)/2). What is the greatest common divisor of g and q?
6
Let b(f) = f**3 - 18*f**2 + 68*f + 19. Let i be b(15). What is the greatest common factor of i and 884?
52
Suppose -2*a + 276 = 5*o - 280, -95 = -o + 5*a. Let c(g) = -5*g**3 + 36*g**2 - 29*g + 90. Let s be c(6). What is the greatest common divisor of s and o?
22
Let n = 2078 - 2003. Calculate the greatest common factor of n and 21.
3
Let w = 3420 + -3400. Calculate the highest common divisor of w and 3170.
10
Suppose -928 = -118*r + 1196. Calculate the greatest common divisor of r and 633.
3
Let q be (-10)/(-15) + (-6)/9 + 2 + 81. Calculate the greatest common factor of 2241 and q.
83
Let h = -52 + 120. Let i = -63 + h. Suppose -4*n + i*x + 879 = 0, -31 = -n + 2*x + 191. Calculate the highest common divisor of n and 24.
24
Let u be -1 + 1/(2/122). Suppose 7*r - u = 6*r. Let m = -458 + 482. Calculate the highest common divisor of r and m.
12
Let g be 3543 - ((2 - 1) + 0). Suppose -62*k + g = -51*k. What is the highest common factor of k and 46?
46
Let m be (-14)/119 - 14420/(-34). Let p = m - 412. Calculate the highest common factor of p and 132.
12
Let r(u) = u - 5. Let n be r(7). Suppose -6*j - n = -68. Suppose 0 = -j*h + 12*h - 28. What is the greatest common divisor of 7 and h?
7
Let q(l) = -43*l - 172. Let n be q(-16). Calculate the greatest common divisor of n and 86.
86
Let g = 138 - 2. Let y be 17*(12/(-54) + 38/9). Calculate the greatest common factor of g and y.
68
Let k(w) = w**2 + 2*w. Let q be k(-4). Suppose -3*r = -b - 54, 4*b + 16 = -129*r + 131*r. Calculate the greatest common divisor of r and q.
4
Suppose 0 = 5*a, -2*k + 12 = 2*k - 3*a. Suppose 0 = -3*n + 4*b - 29, -b + 15 - 5 = -n. Let d be 1*7 + n + 7. What is the highest common factor of k and d?
3
Let w(b) = -b**2 + 18*b - 32. Let v be w(7). Let r be (-2 - -5) + v + -9 + 9. What is the greatest common divisor of 30 and r?
6
Let v(t) = 14*t**2 + 64*t + 576. Let o be v(-20). What is the highest common factor of 153 and o?
153
Suppose 153*v = -2404 + 17758 - 54. What is the highes